prime?
True
Is 738151 a composite number?
False
Is 5603 composite?
True
Is 70571 a prime number?
True
Is 1446917 a composite number?
False
Is 164849 prime?
False
Is 138365 a composite number?
True
Is 169889 prime?
True
Is 15685 composite?
True
Is 8641 prime?
True
Is 73779 composite?
True
Is 331991 prime?
False
Is 14761 a prime number?
False
Is 112174 composite?
True
Is 6239 prime?
False
Is 94049 a prime number?
True
Is 516965 a prime number?
False
Is 1405129 composite?
True
Is 85999 composite?
False
Is 2243 a composite number?
False
Is 6899 composite?
False
Is 230267 prime?
False
Is 4327 composite?
False
Is 202817 a composite number?
False
Is 64247 a prime number?
False
Is 12202 prime?
False
Is 571171 a prime number?
False
Is 3426697 prime?
True
Is 254119 prime?
True
Is 29789 a prime number?
True
Is 12481 a prime number?
False
Is 127 prime?
True
Is 144745 a prime number?
False
Is 2267 a prime number?
True
Is 30731 a composite number?
True
Is 124861 composite?
True
Is 620959 composite?
True
Is 90547 composite?
False
Is 9871 prime?
True
Is 1361 a prime number?
True
Is 31379 a prime number?
True
Is 173253 a prime number?
False
Is 21833 prime?
False
Is 288731 composite?
False
Is 33013 prime?
True
Is 32233 a composite number?
False
Is 90322 prime?
False
Is 531547 a prime number?
True
Is 105239 a composite number?
False
Is 113887 a prime number?
False
Is 17747 prime?
True
Is 45829 composite?
True
Is 697993 prime?
True
Is 140979 composite?
True
Is 157123 a prime number?
False
Is 130022 prime?
False
Is 173561 a prime number?
True
Is 12799 a prime number?
True
Is 4367 a composite number?
True
Is 484221 prime?
False
Is 372377 composite?
False
Is 5791 a composite number?
False
Is 21313 a prime number?
True
Is 326031 a prime number?
False
Is 39821 composite?
False
Is 3239 a composite number?
True
Is 441635 a composite number?
True
Is 16787 a composite number?
False
Is 33191 a prime number?
True
Is 7391 a composite number?
True
Is 34585 composite?
True
Is 1228679 composite?
False
Is 20021 composite?
False
Is 130757 a composite number?
True
Is 251257 a composite number?
False
Is 6995617 a composite number?
False
Is 48181 a prime number?
False
Is 184133 composite?
False
Is 5623 prime?
True
Is 69109 prime?
True
Is 1445137 a prime number?
True
Is 160723 a composite number?
False
Is 557153 a prime number?
True
Is 145066 a prime number?
False
Is 336353 prime?
True
Is 23461 a composite number?
True
Is 87383 prime?
True
Is 3163 a composite number?
False
Is 13523 prime?
True
Is 3041 a prime number?
True
Is 1042295 a prime number?
False
Is 85571 prime?
True
Is 31147 prime?
True
Is 79877 a prime number?
False
Is 1763081 composite?
False
Is 203471 composite?
True
Is 1253 composite?
True
Is 201997 a composite number?
False
Is 12367 prime?
False
Is 49659 a composite number?
True
Is 2101 prime?
False
Is 39859 prime?
False
Is 6442 composite?
True
Is 42049 a composite number?
True
Is 162251 a composite number?
False
Is 220693 prime?
False
Is 30353 a composite number?
True
Is 30677 a prime number?
True
Is 198995 composite?
True
Is 35367 prime?
False
Is 91229 composite?
False
Is 111351 a composite number?
True
Is 1584458 a prime number?
False
Is 7827 a prime number?
False
Is 13499 a prime number?
True
Is 11777 composite?
False
Is 4613 composite?
True
Is 2789 composite?
False
Is 68421 a composite number?
True
Is 76649 a prime number?
True
Is 25657 composite?
False
Is 920701 composite?
False
Is 88258 composite?
True
Is 377661 a prime number?
False
Is 39778 prime?
False
Is 304049 composite?
False
Is 720359 composite?
False
Is 198863 a composite number?
True
Is 304783 prime?
False
Is 4309 composite?
True
Is 234197 a composite number?
False
Is 23917 a prime number?
True
Is 70529 composite?
False
Is 142253 a composite number?
True
Is 61121 a composite number?
False
Is 96989 prime?
True
Is 7807 a composite number?
True
Is 68033 composite?
True
Is 1843 a composite number?
True
Is 127469 composite?
True
Is 10391 prime?
True
Is 138505 a prime number?
False
Is 68829 a prime number?
False
Is 2939 composite?
False
Is 495269 prime?
True
Is 1161331 prime?
True
Is 86057 a composite number?
True
Is 318713 a composite number?
False
Is 63241 composite?
False
Is 51251 a composite number?
True
Is 164663 composite?
False
Is 16719 a composite number?
True
Is 658589 prime?
True
Is 18839 prime?
True
Is 1593067 a prime number?
False
Is 85021 prime?
True
Is 1030723 a prime number?
True
Is 4078003 a prime number?
True
Is 45569 composite?
False
Is 51161 prime?
False
Is 1657 a composite number?
False
Is 83041 a composite number?
True
Is 2203 a prime number?
True
Is 352181 prime?
True
Is 86743 prime?
True
Is 575837 a prime number?
True
Is 872633 a prime number?
False
Is 3101 a prime number?
False
Is 18323 a composite number?
True
Is 65017 composite?
True
Is 35102 composite?
True
Is 350249 a composite number?
False
Is 24943 composite?
False
Is 454843 a composite number?
False
Is 125365 prime?
False
Is 429955 a composite number?
True
Is 974359 prime?
True
Is 68711 prime?
True
Is 12479 composite?
False
Is 30407 composite?
True
Is 23419 composite?
True
Is 72017 composite?
True
Is 3199 prime?
False
Is 9391 a prime number?
True
Is 35027 a prime number?
True
Is 5639 composite?
False
Is 19553 a composite number?
False
Is 63419 a prime number?
True
Is 32605 a prime number?
False
Is 255155 a composite number?
True
Is 13499 composite?
False
Is 31961 a composite number?
True
Is 386486 a composite number?
True
Is 211285 prime?
False
Is 3691 a prime number?
True
Is 698959 composite?
True
Is 443 a prime number?
True
Is 214823 a composite number?
True
Is 187463 a prime number?
True
Is 1031263 composite?
True
Is 368573 composite?
True
Is 211313 prime?
True
Is 569837 composite?
True
Is 59651 a composite number?
False
Is 483763 prime?
False
Is 15127 prime?
False
Is 196531 a prime number?
False
Is 78947 a prime number?
False
Is 403159 prime?
True
Is 320519 composite?
True
Is 23663 prime?
True
Is 21662 prime?
False
Is 36521 a composite number?
True
Is 298427 composite?
False
Is 180131 a composite number?
True
Is 1692763 prime?
True
Is 39041 a prime number?
True
Is 279047 composite?
False
Is 8887 prime?
True
Is 45491 composite?
False
Is 25573 a prime number?
False
Is 95429 prime?
True
Is 7617 prime?
False
Is 23181 a composite number?
True
Is 34019 prime?
True
Is 171295 a prime number?
False
Is 681763 a composite number?
False
Is 1159877 composite?
False
Is 79103 a composite number?
False
Is 47777 composite?
False
Is 629449 composite?
False
Is 553039 prime?
False
Is 24305 prime?
False
Is 9983 a composite number?
True
Is 38903 a prime number?
True
Is 1361 composite?
False
Is 820465 a prime number?
False
Is 1103389 a prime number?
False
Is 16741 a composite number?
False
Is 10 a composite number?
True
Is 691 prime?
True
Is 1548719 prime?
True
Is 127807 a composite number?
False
Is 8285 a prime number?
False
Is 121139 prime?
True
Is 17939 prime?
True
Is 23357 a composite number?
False
Is 9587 a prime number?
True
Is 21857 a composite number?
True
Is 41221 a composite number?
False
Is 19841 a composite number?
False
Is 386 a prime number?
False
Is 5711 composite?
False
Is 5539 a prime number?
False
Is 34603 composite?
False
Is 6017 prime?
False
Is 47059 a prime number?
True
Is 14713 a composite number?
False
Is 519053 a prime number?
False
Is 22583 prime?
False
Is 58567 a composite number?
False
Is 15091 prime?
True
Is 6779 prime?
True
Is 12667 a prime number?
False
Is 583 composite?
True
Is 14969 prime?
True
Is 108631 a prime number?
True
Is 451871 a composite number?
True
Is 8977 a prime number?
False
Is 306809 a composite number?
False
Is 46993 composite?
False
Is 96519 a prime number?
False
Is 521 prime?
True
Is 19913 a prime number?
True
Is 155731 a prime number?
True
Is 3427 a prime number?
False
Is 11283 a composite number?
True
Is 5591 composite?
False
Is 15599 a prime number?
False
Is 10037 a prime number?
True
Is 554153 a prime number?
False
Is 249929 composite?
True
Is 186817 a composite number?
True
Is 1078321 a prime number?
False
Is 510671 a prime number?
False
Is 223387 prime?
False
Is 18595 a prime number?
False
Is 77207 composite?
True
Is 11131 composite?
False
Is 1082017 a composite number?
False
Is 14681 a c